 p**2 - 7*p. What is n(x)?
-10
Let u(y) = -y**3 - 6*y**2 - y. Suppose -27 = 5*s + 3. Calculate u(s).
6
Let d(h) = -4*h + 9. Let u(f) = 9*f - 19. Let b(i) = 7*d(i) + 3*u(i). Let g(c) = c**3 - 8*c**2 + 6*c + 4. Let n be g(7). Let j = n + 9. What is b(j)?
0
Let a = 15 - 10. Suppose a*p + 4 = -1. Let v(h) = -6*h**2 + h + 1. Let w(x) = 12*x**2 - 2*x - 2. Let c(j) = 7*v(j) + 3*w(j). What is c(p)?
-6
Let i = 9 - 6. Suppose -1 = i*r + 5. Let w(y) = -y**3 - y**2 + 3*y + 1. Calculate w(r).
-1
Let m(f) be the second derivative of -f**4/12 - f**3 + f. Suppose 0 = 5*a + 4*u + 10, 2*a - 7*a - 15 = 3*u. What is m(a)?
0
Let h(w) = w - 20 + 48 - 29. Calculate h(-4).
-5
Let q(u) = 3*u - 2. Suppose -2 = -4*b - 3*x, 4*x + 8 = 2*b + 2*x. Determine q(b).
4
Suppose 0 = -4*u - 5*q, -u + 4*u - q = 0. Let c(f) = f + 5. What is c(u)?
5
Let s(g) be the second derivative of g**5/20 + g**4/6 - g**3/3 - g**2/2 + 13*g. Give s(2).
11
Suppose l = -k - 2*l + 20, 30 = k + 5*l. Let y(a) = -a + k*a + 2*a - 5*a. What is y(4)?
4
Let x(b) = -5*b - 3 - 1 + 4. What is x(3)?
-15
Let x be 9/(-6)*(-48)/18. Let s(f) = -x*f + 3*f - 2*f + 4*f + 12. Calculate s(-7).
5
Let f be 1 + (-7)/((-28)/(-12)). Let i(r) = -3*r - 2. What is i(f)?
4
Let c be (-1)/(0 + -1)*5. Let v(x) = -7*x. Let h(b) = -10*b. Let g be ((-7)/4)/(1/4). Let n(z) = c*h(z) + g*v(z). Determine n(0).
0
Let o(u) = u**2 - 10*u + 9. Suppose 2*a = 3*a - 9. Let k be o(a). Let s(w) = w + 3. What is s(k)?
3
Let m(o) = -o**2 - o + 2. Let q(b) = b + 3. Let i be q(-2). Let y(l) = i + 2*l - 2*l + 4 + l**3 - l - 9*l**2. Let x be y(9). Calculate m(x).
-10
Suppose n = 1 + 1. Let x(s) = 2*s**2 - s**2 + 1 - s**n - 2*s**2. Determine x(1).
-1
Let p(m) = m + 1. Let r(a) = -a**3 + 3*a**2 - 2*a + 1. Let j be r(1). What is p(j)?
2
Let r(k) = -k**2 - 6*k - 5. Let c be r(-5). Let n be -1 + 1 + c/1. Suppose n = -2*a - 2 - 0. Let m(d) = -7*d. Determine m(a).
7
Suppose -o = -0 - 4. Let b be o/(-6) + (-35)/(-21). Let p(u) = 4*u**2 - 2*u + 1. Give p(b).
3
Let i(v) = 0 - 2*v**2 - 7 + 3*v**2 - 3*v + 0*v. Determine i(5).
3
Let h(i) = i - 1. Let l(a) = 6*a - 10. Let u(j) = 8*h(j) - l(j). Give u(-4).
-6
Let x = 7 - 4. Suppose -4*p - 13 = 5*o - 65, 3*o - 12 = 0. Let h(c) = -c + 0*c**2 + 3 - p*c**3 + 9*c**3 - 3*c**2. Calculate h(x).
0
Let j(d) = -4*d - 5. Let a(o) = 5*o + 5. Let p(h) = -5*a(h) - 6*j(h). Suppose 4*w - 14 = 6. Let l = 5 - w. Determine p(l).
5
Let k(z) be the first derivative of z**2 + 5*z - 1. Suppose 0*h = 3*h - 5*f - 13, 0 = h + f + 9. Calculate k(h).
-3
Let o(x) = -7*x**2 - 3*x + 9. Suppose -3*k = -4*b - 8, -5*b - 42 = 3*k - 5. Let m(j) = 3*j**2 + j - 4. Let u(r) = k*o(r) - 9*m(r). Give u(-3).
0
Suppose 35*t + 3 = 36*t. Let p(z) = z**3 - 3*z**2 + 4*z - 4. Give p(t).
8
Let w(i) = i + 4. Suppose -5*x + 8*a = 5*a - 29, -5*a - 15 = 0. Let s be (-2)/4*(-2 - 8). Suppose -s - 3 = x*z. Determine w(z).
2
Let c(n) = 2*n + 3. Let b(z) = z + 10. Let l be b(10). Suppose l = -0*v + 5*v - 3*i, -5*i = 5*v - 20. Determine c(v).
11
Let m(v) = v**2 + 10*v + 8. Let k = 11 - 19. Give m(k).
-8
Let p(s) = -2*s**2 - 13*s + 5. Let m(v) = v**2 + 7*v - 3. Suppose -3*h + 22 + 11 = 0. Let q(t) = h*m(t) + 6*p(t). Calculate q(0).
-3
Let f(d) be the first derivative of d**4/4 + 8*d**3/3 + 3*d**2 - 13. Give f(-7).
7
Let x(r) = 7*r**3 + r**2 - 7*r - 11. Let g(u) = 6*u**3 + u**2 - 6*u - 10. Let k(o) = 6*g(o) - 5*x(o). Calculate k(0).
-5
Let x = -7 + 7. Let o(m) = -m + m + m + x. Determine o(4).
4
Let z be (0 - -2) + 18 + -19. Let i(g) be the first derivative of -z + 1/2*g**2 - 3*g. Calculate i(-3).
-6
Let y(u) be the third derivative of -u**5/10 - u**4/24 + 3*u**2. Give y(1).
-7
Let q(j) = -5*j**2 + 7*j + 11. Let a(x) = x**2 - 1. Let p(g) = 6*a(g) + q(g). Calculate p(-5).
-5
Let x(d) = 1 + 3*d - d + d**2 - 2*d**2. Suppose -6*q = -q + m - 18, q + 6 = 3*m. What is x(q)?
-2
Let g(t) = 2*t. Let f(z) = 21*z. Let b(h) = -5*f(h) + 49*g(h). Let c(i) = i + 1. Let o(k) = b(k) + 6*c(k). Determine o(6).
0
Let f(t) = 57 - 2*t + 9*t**2 + 52 - 108. Determine f(1).
8
Let x(y) = y**2 - y - 1. Let t be x(-2). Let k(i) = -5 + 1 + i - 2. Give k(t).
-1
Let s(k) = -4*k - 6. Let h(t) = 2*t**3 - 5*t - 1. Let d be h(2). Give s(d).
-26
Let j(r) = 1 - r + 5*r - 5*r**2 + 4*r**2. Calculate j(5).
-4
Let o(v) = v**2 - 7*v + 8. Let x(z) = -3*z**2 + 20*z - 23. Let h(f) = 11*o(f) + 4*x(f). Determine h(3).
-4
Let a(p) = -p**2 + 4. Let q = -3 - -6. Suppose -1 = -q*s + 3*x + 2, -x = s - 5. What is a(s)?
-5
Let q = -73 - -68. Let r(n) = n**3 + 6*n**2 + n - 7. Determine r(q).
13
Let a(g) = 2*g - 1. Let y(k) = -k. Let f(z) = 3*a(z) + 5*y(z). Calculate f(5).
2
Let i(z) = -2499*z + 2491*z - 2 + 2. Give i(1).
-8
Let t(x) = -x - 7. Let m be t(-8). Let u(g) = 1 - m + 2 - 4*g - 4. Determine u(2).
-10
Let v(a) be the second derivative of 5*a + 0 - 1/6*a**3 - 2*a**2. Give v(0).
-4
Let b be (1 - 4) + (3 - (-3 + 8)). Let o(g) = -g**3 - 4*g**2 + 5*g + 5. Determine o(b).
5
Suppose -9 + 1 = -4*o. Suppose -o*s - 2*s = 0. Let q(a) = -a**3 - a + 4. What is q(s)?
4
Let j(k) = -k + 5. Suppose 0 = -4*g + 13 - 1. Suppose -3*c - 3*x + 16 = 2*x, -2*c + 4*x - 4 = 0. Suppose g*i = 14 - c. Calculate j(i).
1
Let l = -50 + 43. Let n(a) = a**2 + 10*a + 9. Determine n(l).
-12
Let t(p) = p**2 + p - 6. Let w(v) = v**2 - v - 1. Let n = 6 + -4. Let o(y) = n*w(y) - t(y). Determine o(4).
8
Let v(z) = z**3 - z**2 - 1. Let t be v(2). Let n be 3*2*1/3. Let w(s) = -4*s + 1 + s**2 + 0 - n. Determine w(t).
-4
Let u(j) be the second derivative of -4*j - j**3 + 0 + 5/2*j**2 + 7/12*j**4. Let g(m) = -8*m**2 + 7*m - 6. Let x(w) = 4*g(w) + 5*u(w). Calculate x(1).
2
Let o(x) = -x - 8. Let t be -6 + (-3 - -3)/3. Let q be 2/6 + 32/t. Determine o(q).
-3
Let x(t) = -2*t**2 - 3*t - 1. Let f = -21 + 24. Suppose 0 = -f*z - 3*z - 12. Calculate x(z).
-3
Let z = 1 + -1. Let w(b) = 0*b**2 + b - 2 + b**2 + 11. Give w(z).
9
Let m(y) = -y**2 - 4*y + 7. Let a be -4*((-6)/8 + 1 + 1). Calculate m(a).
2
Let j(v) = v**3 + 5*v**2 + v + 6. Let p be 16/24*15/(-2). Determine j(p).
1
Let p(g) = g**3 - g + 1. Suppose 0 = -12*q + 9*q + 39. Suppose 2*u - 10 = -4*b, 0 = 4*u - 7 - q. Give p(b).
1
Let d(o) = o**2 - 5*o - 1. Let c(q) = 3*q - 24. Let l be c(10). Give d(l).
5
Suppose -5*l - 4 - 21 = 0. Let p(n) = -n - 20. Let z be p(-12). Let c = l - z. Let u(q) = -q**2 + 5*q - 2. Give u(c).
4
Suppose -l + 4 = 0, -5*g = -3*l - l + 46. Let n(y) = -350 + 350 + y. What is n(g)?
-6
Let g(m) = 5*m + 10. Let i(h) = -6*h - 11. Let r(s) = -4*g(s) - 3*i(s). Determine r(-6).
5
Let w(o) be the first derivative of -5*o**2/2 - 2*o + 2. Suppose -2*z + 3 = -1. Determine w(z).
-12
Let u(x) = x**2 + 8*x + 4. Suppose -f + 8 + 10 = 0. Suppose 3*v = 6*v + f. Calculate u(v).
-8
Let y(s) = -s + 5. Suppose -k + 1 = 7. Determine y(k).
11
Let i(c) = 5*c - 4*c + 5 - c + c. Suppose -3*u + 1 = -20. Let x = u - 2. Determine i(x).
10
Let r(l) = -l**3 + l**2. Let x(c) = -c**2 - 4*c - 2. Let d be x(-3). Let f be (d + 9/(-6))*-2. Let i be r(f). Let q(v) = v + 5. Give q(i).
5
Suppose 3*v + v = 0. Let i(c) be the second derivative of c + 6*c**2 + 0 + 1/12*c**4 - 1/6*c**3. What is i(v)?
12
Let w be ((-2)/5)/((-1)/20). Suppose -16 = -w*d + 4*d. Suppose -6 = -d*h + h. Let c(r) = r**3 - 2*r**2 + 3*r. Calculate c(h).
6
Let r(t) = -t**2 + 7*t - 2. Suppose 1 = -c + 7. Let o be r(c). Suppose -3*g = 4*b + 12, 3*g - 2*g = o*b - 4. Let z(w) = -w**3 - w**2 - 3. Determine z(b).
-3
Let l(r) = r**2 - 4*r - 12. Let j be l(6). Let m(o) be the second derivative of -1/6*o**3 + 1/12*o**4 + j - 2*o - 1/2*o**2 + 3/20*o**5. What is m(-1)?
-2
Suppose 4*n = 4*j, 3*j = -n + 8 - 0. Let m(c) = -4 + 0*c + 1 - n*c - 2*c. Give m(-2).
5
Suppose 5*p + 1 - 6 = 5*w, 3*w - 15 = -3*p. Let s(i) = i**3 - 2*i**2 - 2*i. Determine s(w).
-4
Let v(x) be the third derivative of 0 - 1/120*x**5 + 0*x - x**2 - 1/12*x**4 + 0*x**3 - 1/144*x**6. Let d(s) be the second derivative of v(s). Give d(2).
-11
Let o(z) = z. Let t(b) = -2*b. Let i(c) = -8*c + 2. Let g be i(1). Let q(s) = g*o(s) - 4*t(s). Determine q(-3).
-6
Let j(l) be the first derivative of 3/2*l**2 + 2 + 6*l. Determine j(-4).
-6
Let b(r) = -1 - 3*r**2 + r**3 + 8*r**2 + r - 7*r**2. What is b(2)?
1
Let q(r) = -5*r. Let p = 10 - 8. Suppose 4*o + 6 = p. Give q(o).
5
Let l = -33 + 32. Let f(c) = 4*c. What is f(l)?
-4
Let v